9*p - 58. What is o(11)?
-3
Let s(p) = -12*p + 111. Determine s(-7).
195
Let d(b) = 106*b**2 + 701*b - 286. Calculate d(-7).
1
Let w(i) = 58*i - 159. Calculate w(10).
421
Let q(g) = 8*g**2 - 57*g - 129. Give q(-2).
17
Let p(c) = -36*c**2 - 95*c - 271. Calculate p(-3).
-310
Let a(u) = 2*u**3 + 12*u**2 + 39*u + 327. What is a(-6)?
93
Let q(o) = o**2 - 100*o + 2018. Give q(28).
2
Let f(d) = 4*d**2 + 113*d - 80. Determine f(-28).
-108
Let f(d) = -37*d - 4078. What is f(-110)?
-8
Let h(o) = 25*o + 19. What is h(6)?
169
Let i(p) = -216*p + 33907. Give i(157).
-5
Let f(z) = -60*z - 1411. Give f(-24).
29
Let g(h) = 11250*h - 22507. Give g(2).
-7
Let c(k) = -k**3 + 28*k**2 - 50*k - 80. Determine c(26).
-28
Let m(d) = -d**2 + 30*d - 8. Calculate m(5).
117
Let o(a) = -8*a**3 + 28*a**2 + 8*a - 4. Determine o(4).
-36
Let c(v) = 40*v**3 - v**2 - 4*v - 5. What is c(-1)?
-42
Let v(h) = 6*h**2 + 41*h - 38. What is v(-10)?
152
Let a(c) = -c**2 + 161*c + 999. What is a(-6)?
-3
Let m(y) = y**3 + 10*y**2 + 10*y - 36. What is m(-8)?
12
Let l(v) = -v**3 + 3*v**2 - v + 22. Give l(-3).
79
Let r(j) = j**3 + 17*j**2 - 12*j + 19. What is r(-18)?
-89
Let v(z) = 199*z - 596. Determine v(3).
1
Let c(a) = 19*a**2 - 9*a - 10. Give c(-1).
18
Let p(r) = -r**3 - 58*r**2 + 317*r + 155. Give p(-63).
29
Let z(r) = -r**2 + 24*r - 142. Determine z(12).
2
Let y(c) = 3*c**2 + 103*c - 104. What is y(1)?
2
Let m(z) = -18*z - 40. Calculate m(-2).
-4
Let d(y) = -2*y**2 + 30*y + 475. Calculate d(-11).
-97
Let z(j) = 11*j**2 - 119*j - 13. Give z(11).
9
Let r(f) = 101*f - 210. Determine r(4).
194
Let o(h) = -226*h**2 - 2483*h + 89. Calculate o(-11).
56
Let i(x) = 115*x**3 - x**2 + 1. Calculate i(-1).
-115
Let v(c) = 2*c**3 + 753*c**2 + 2238*c - 1. Calculate v(-3).
8
Let a(z) = z**3 + 26*z**2 + 153*z + 13. Determine a(-9).
13
Let n(d) = 21*d - 37. What is n(3)?
26
Let c(r) = -3*r**2 - 16*r - 69. Calculate c(-10).
-209
Let b(x) = 65*x**2 + 390*x - 9. What is b(-6)?
-9
Let s(z) = -8*z + 15. Calculate s(-9).
87
Let y(f) = 259*f + 4176. Determine y(-17).
-227
Let m(y) = -y**2 - 149*y + 2133. Calculate m(13).
27
Let k(r) = -209*r + 3533. Determine k(17).
-20
Let m(q) = -1789*q - 7190. Calculate m(-4).
-34
Let m(g) = -83*g - 221. Determine m(-3).
28
Let g(f) = -621*f - 618. Determine g(-1).
3
Let i(d) = 46*d + 1236. Calculate i(-26).
40
Let h(z) = -5362*z - 310991. What is h(-58)?
5
Let x(i) = i**3 + 76*i**2 - 1916*i - 74. Determine x(20).
6
Let n(d) = -66*d + 1692. Determine n(25).
42
Let a(h) = -h**3 - 81*h**2 + 72*h - 827. Calculate a(-82).
-7
Let o(y) = 2*y**2 + 245*y - 14865. Give o(-167).
-2
Let i(a) = -a**3 - 12*a**2 - 11*a - 24. Give i(-12).
108
Let o(v) = 3*v**2 - 32*v - 15. What is o(10)?
-35
Let u(q) = 1850*q - 27753. What is u(15)?
-3
Let k(n) = -26*n + 663. Determine k(25).
13
Let h(q) = -134*q - 19831. Determine h(-148).
1
Let s(p) = -43*p + 1203. What is s(27)?
42
Let s(f) = 128*f**2 + 5631*f - 45. Give s(-44).
-1
Let s(f) = -7935*f - 20. Determine s(0).
-20
Let h(b) = b**2 - 24*b - 191. What is h(-7)?
26
Let j(t) = 3*t**3 - 38*t**2 + 42*t + 46. What is j(11)?
-97
Let z(f) = f**3 + 14*f**2 + 2*f + 48. Calculate z(-13).
191
Let g(i) = i**2 + 119*i + 1286. Give g(-107).
2
Let m(b) = -153*b**3 - 5*b - 6. Give m(-1).
152
Let j(u) = 2*u**3 - 11*u**2 + 8*u + 13. Give j(5).
28
Let a(i) = 662*i - 3311. Give a(5).
-1
Let h(f) = -f**3 - 14*f**2 + 1537*f - 654. Give h(-47).
4
Let x(m) = 2*m**2 + 29*m + 74. Calculate x(-11).
-3
Let l(r) = -r**3 - 66*r**2 - 125*r + 184. Give l(-64).
-8
Let q(l) = -16*l - 96. Give q(-3).
-48
Let y(h) = 9*h**3 - 17*h**2 + 11*h - 24. Determine y(2).
2
Let u(z) = -4*z**3 + 86*z**2 - 405*z - 16. Calculate u(7).
-9
Let s(r) = -r**2 + 156*r - 638. Calculate s(152).
-30
Let b(w) = w**3 - 97*w**2 - 124*w + 2336. Determine b(98).
-212
Let q(j) = -j**2 - 1120*j + 20490. Give q(18).
6
Let i(v) = 12*v - 21. What is i(2)?
3
Let k(f) = 961*f - 2878. Give k(3).
5
Let z(m) = -2*m**3 + 83*m**2 - 43*m + 66. What is z(41)?
-16
Let t(l) = -11*l**2 - 1153*l + 207. Calculate t(-105).
-3
Let t(g) = 3*g - 23. What is t(14)?
19
Let j(k) = 94*k + 1310. Calculate j(-14).
-6
Let x(p) = 99*p + 399. Give x(-5).
-96
Let o(w) = 64*w**2 - 7. Determine o(-1).
57
Let o(m) = -m**2 + 368*m + 5342. Give o(-14).
-6
Let o(m) = -m**3 - 78*m**2 - 368*m + 24. Determine o(-73).
243
Let s(p) = -p**3 + 7*p**2 + 73*p - 21. Give s(11).
298
Let p(o) = -27*o - 1454. What is p(-53)?
-23
Let q(p) = p**2 - 104*p - 318. What is q(107)?
3
Let r(x) = -x**3 - 13*x**2 + 5*x - 5. Determine r(-12).
-209
Let y(g) = g**2 + 181*g - 21936. What is y(83)?
-24
Let j(x) = -x**2 - 54*x - 320. Give j(-44).
120
Let q(w) = -w**3 + 23*w**2 - 64*w + 22. Calculate q(3).
10
Let t(f) = -185*f - 2363. Calculate t(-13).
42
Let z(m) = -284*m + 1145. What is z(4)?
9
Let b(o) = -3*o**2 + 167*o - 512. What is b(3)?
-38
Let q(g) = 3*g**2 - 441*g - 10586. Calculate q(168).
-2
Let h(j) = -6*j**2 + 52*j + 443. Give h(-11).
-855
Let j(d) = -263*d + 274. Give j(1).
11
Let s(v) = -6*v**2 - 58*v - 59. Give s(-1).
-7
Let u(b) = 34*b**2 - 332*b - 62. Give u(10).
18
Let c(y) = -50*y**3 + 3*y**2 + 189*y + 185. Calculate c(-1).
49
Let x(i) = 94*i - 848. Calculate x(9).
-2
Let a(u) = -u**3 - 6*u**2 - 22*u - 17. Calculate a(-9).
424
Let x(u) = 13*u - 19. Give x(1).
-6
Let g(k) = k**3 + 66*k**2 + 123*k - 321. Give g(-64).
-1
Let j(y) = -7*y**2 + 50*y - 63. What is j(6)?
-15
Let a(g) = 71*g**2 + 326*g - 36. What is a(-5)?
109
Let z(q) = -q**3 - 6*q**2 + 6*q - 9. Calculate z(-6).
-45
Let s(f) = -35*f + 149. What is s(12)?
-271
Let t(r) = -8*r**3 - 3*r**2 - 61*r - 258. Calculate t(-4).
450
Let g(k) = 76*k - 1728. Give g(23).
20
Let f(q) = -79*q**2 + 11*q + 15. Determine f(-1).
-75
Let z(t) = 2*t - 45. Give z(26).
7
Let v(j) = -j**3 - 7*j**2 + 29*j + 1. Determine v(-10).
11
Let t(f) = -4*f**3 + 20*f**2 + 7*f - 4. Give t(5).
31
Let a(h) = -24*h - 168. Determine a(-9).
48
Let c(b) = b**3 - 112*b**2 - 352*b - 30. Determine c(-3).
-9
Let s(t) = -2*t**3 + 76*t**2 + 79*t - 56. Determine s(39).
-17
Let k(t) = 5*t**2 + 11*t - 23. Calculate k(-4).
13
Let c(m) = 3*m**3 - 10*m**2 - 58*m + 186. Give c(3).
3
Let o(x) = -2*x**2 - 68*x - 179. Give o(-28).
157
Let p(i) = -i**2 - 24*i - 94. Calculate p(-19).
1
Let q(w) = 36*w**3 - 3388*w**2 + 375*w + 101. Give q(94).
7
Let i(j) = 2*j**3 - 22*j**2 + 3*j - 32. Give i(11).
1
Let o(t) = t**3 + 9*t**2 - 10*t - 15. Give o(-9).
75
Let k(b) = b**3 + 23*b**2 + 171*b + 1027. What is k(-16)?
83
Let v(k) = 7*k**3 + 3*k**2 - 18*k - 19. What is v(-3)?
-127
Let a(n) = -n**3 - 54*n**2 + 169*n - 128. What is a(-57)?
-14
Let i(q) = 2*q - 165. Calculate i(39).
-87
Let o(n) = -9*n**2 - 196*n + 2126. What is o(8)?
-18
Let z(t) = 2*t**3 + 83*t**2 + 39*t - 25. Calculate z(-41).
57
Let s(f) = 5*f**2 - 225*f - 316. Determine s(47).
154
Let q(d) = 9*d + 341. Calculate q(-27).
98
Let b(m) = 2*m**2 - 53*m - 78. Determine b(24).
-198
Let k(m) = 6*m**2 + 241*m + 277. Determine k(-39).
4
Let p(q) = 14*q**2 - 5*q + 6. Calculate p(3).
117
Let c(f) = -2*f**3 - 4*f**2 - 2*f - 31. Determine c(-3).
-7
Let y(q) = 2*q**3 + 4*q**2 + q. What is y(3)?
93
Let o(a) = -179*a - 23271. Calculate o(-130).
-1
Let c(g) = 3*g**2 + 78*g + 318. What is c(-4)?
54
Let z(s) = 6*s**2 - s + 19. Determine z(-3).
76
Let f(i) = 25*i + 493. What is f(-20)?
-7
Let h(f) = 145*f + 13191. Give h(-91).
-4
Let i(u) = -u**2 + 48*u - 557. What is i(23)?
18
Let n(h) = 12*h - 32. Give n(33).
364
Let x(d) = -2*d**3 + 7*d**2 - 27*d + 68. Give x(4).
-56
Let q(g) = -2*g**2 - 34*g - 6. Calculate q(0).
-6
Let w(a) = -2*a**3 - 2*a**2 + 13*a - 1. Determine w(-4).
43
Let i(w) = 628*w - 3149. Determine i(5).
-9
Let u(a) = 13*a + 258. Determine u(-7).
167
Let f(p) = -84*p - 920. Calculate f(-11).
4
Let i(v) = 46*v + 691. Calculate i(-22).
-321
Let w(n) = 3071*n + 8. Determine w(0).
8
Let z(o) = -196*o + 10585. Give z(54).
1
Let s(z) = z**3 - 17*z**2 + 30*z - 16. Give s(14).
-184
Let m(w) = 3*w + 48. Give m(-16).
0
Let t(d) = d**2 - 6*d - 95. Give t(8).
-79
Let k(z) = z**2 - 30*z - 4689. Give k(85).
-14
Let q(p) = -1936*p + 3866. Determine q(2).
-6
Let h(x) = -x**3 - 15*x**2 - 34*x - 5. Determine h(-9).
-185
Let h(b) = 94*b + 284. Determine h(-3).
2
Let v(q) = -2*q**3 + 5*q**2 - q + 5. Calculate v(4).
-47
Let